220*a. What is the highest common divisor of a and 4?
4
Suppose -4*f = 10 - 30. Suppose 0 = 5*t + f*p - 45, 15 = 2*t - t - 5*p. Suppose v + v + t = 0, 5*b + v = 40. Calculate the highest common factor of 27 and b.
9
Let l(k) = -3*k**3 + 36*k**2 - 9*k + 8. Let h be l(11). What is the greatest common factor of 102 and h?
34
Suppose l - 4 = 10. Suppose 8 = d - l. Let q(g) = g**3 + g**2 + g + 44. Let u be q(0). Calculate the greatest common divisor of u and d.
22
Suppose -13*w = -8*w. Suppose -7*m + 39 + 17 = w. What is the greatest common factor of m and 8?
8
Let o be (-3 + 6)*(-6)/2. Let f(g) = -9*g - 6. Let l be f(o). Calculate the greatest common factor of l and 50.
25
Suppose 0*g - 2*u = 4*g - 22, 4*g = 2*u + 10. What is the greatest common divisor of 110 and g?
2
Let t be ((-62)/(-20) - (-51)/(-510)) + 15. Calculate the highest common divisor of 558 and t.
18
Let w be (-4)/(-10) + (-86)/(-10) + -4. Suppose 54 + 31 = w*t. What is the greatest common divisor of 187 and t?
17
Suppose 4*r = 3*m + 309, 0 = -3*r + 5*r + m - 147. Suppose -3 = 3*v - r. Suppose 0*d = -2*d + v. Calculate the highest common factor of 48 and d.
12
Let c = -22 - -49. Let j = -51 - -47. Let v be 208/12 + j/(-6). What is the greatest common divisor of v and c?
9
Let w(n) = 8*n**2 - 12*n - 107. Let b be w(-16). Calculate the greatest common divisor of b and 79.
79
Suppose -8*m = -254 - 114. What is the highest common factor of m and 138?
46
Let f(d) = d - 4 + 6 + 2 + 0*d. Let x be f(2). Suppose x*g + 312 = 1104. What is the highest common factor of g and 22?
22
Let y(q) = -10*q - 242. Let z be y(-41). Suppose w = 5*m - 422, 8*m - 3*m - 5*w = 430. Let i = -60 + m. Calculate the highest common factor of z and i.
24
Let c be 22/(-6) - 20000/(-48). What is the highest common divisor of 177 and c?
59
Let l(g) = -g**2 + g + 54. Let i be l(0). Suppose -2*x - 66 = -2*y, -10*y + 81 = -8*y + x. Let w = i - y. What is the highest common divisor of 32 and w?
16
Suppose 31*o - 2864 = 3708. What is the highest common factor of 4 and o?
4
Suppose 43*d = -38*d + 2349. Calculate the greatest common divisor of 5 and d.
1
Let i be (-57729)/(-105) - (-2)/10. Calculate the greatest common factor of 10 and i.
10
Let z(n) = -110*n + 5. Let d be (-4 + -4)/(-8) - 1*2. Let x be z(d). What is the greatest common divisor of x and 23?
23
Let a(v) = -v**3 + 8*v**2 - v - 4. Let q be a(4). Let x = 4955 + -4899. Calculate the highest common factor of q and x.
56
Let h = 176 - 328. Let k be 0 + h/(-6) + (-12)/(-18). What is the highest common factor of 4 and k?
2
Let g = -22 - -27. Suppose 0 = 2*y - g - 19. Suppose -f + 61 = -5*u, u = -0*u - 5. What is the greatest common divisor of y and f?
12
Suppose 5*k - k = 96. Let j(z) = z**3 - 16*z**2 + 32*z - 48. Let i be j(14). Calculate the highest common divisor of k and i.
8
Suppose 49*d - 8325 = 4*d. Calculate the highest common factor of d and 148.
37
Suppose 3*q - 98 = 127. Let k = 85 - q. What is the highest common divisor of 50 and k?
10
Let b(y) = -10*y - 7. Let h = -73 + 72. Let n be b(h). What is the highest common divisor of n and 6?
3
Let f = -7 + -9. Let a be (-8)/6*(-24)/f. Let l be (-5)/10*(-90 - a). What is the highest common factor of 4 and l?
4
Let v(q) = 318*q + 133. Let o be v(6). What is the highest common factor of o and 314?
157
Let d(t) = 44*t - 53. Let u(f) = 15*f - 18. Let k(s) = -4*d(s) + 11*u(s). Let n be k(-6). Suppose l - n = -l. What is the greatest common divisor of 60 and l?
20
Let h(v) = 4*v**2 - 49*v + 29. Let f be h(13). Calculate the greatest common divisor of 85 and f.
17
Let q be (13 + -14)/(1/5). Let k be (-6)/(0 + 1)*q. Calculate the greatest common divisor of 150 and k.
30
Suppose -3*m + 2*s = -45, -5*m + 2*s - 4*s + 75 = 0. Suppose -9*v = -1018 - 197. What is the greatest common divisor of m and v?
15
Let s(c) = 10*c**2 - c + 1. Let r be s(-1). What is the highest common factor of 636 and r?
12
Let o = 12 - 8. Suppose -3*f = -o*c, -3*f - 3 = -5*c - 0. Suppose 3*q + c = 24. Calculate the highest common factor of 7 and q.
7
Suppose -6 = m - 4, 0 = -4*u + 5*m + 158. Suppose -5*k + 11 = -4*k + 3*x, 5*k = 3*x + u. What is the highest common factor of 8 and k?
8
Let r be 3/(-9 + 3)*(-31 - -1). Suppose -2*w = w - r, -2*w + 62 = 2*l. Let a = -32 - -71. What is the highest common factor of a and l?
13
Let k be (-1)/1 - 1683/(-51). What is the highest common factor of k and 24?
8
Let f(q) = q**2 + 15*q + 184. Let y be f(-39). What is the highest common divisor of y and 112?
112
Suppose 403*c + 2418 = 409*c. Calculate the greatest common divisor of c and 39.
13
Let u = 179 - 71. Suppose -2*z - 2*c = -38, -4*z + u - 11 = -3*c. What is the highest common divisor of 4 and z?
2
Let k be -2*(4 - (1 - -6) - -9). Let a be (-5 - (0 - 2)) + k/(-3). Calculate the greatest common divisor of a and 15.
1
Suppose -3*g - 2*v + 3*v + 13 = 0, 3*v + 9 = -g. Let i be (-2)/(-10) - 212/10. Let r = i - -36. What is the greatest common divisor of r and g?
3
Suppose -32*m = 105 - 745. What is the greatest common divisor of m and 410?
10
Suppose 5*d = t + 2*t + 294, -2*d = -3*t - 114. Let w(s) = 133*s. Let x be w(-2). Let l be (-28)/154 - x/11. Calculate the highest common factor of l and d.
12
Suppose -69*r + 65 = -68*r - p, 2*r - 135 = p. What is the greatest common factor of r and 875?
35
Let u(b) = 10*b**2 - 41*b - 29. Let h be u(7). What is the greatest common divisor of 435 and h?
87
Let b(v) = 2*v**2 - 2*v - 5. Let j be b(3). Suppose 0 = -a + j + 2. Let g(f) = 5*f - 13. Let t be g(a). Calculate the greatest common factor of 4 and t.
4
Let r(g) = 15*g**2 + 3*g - 14*g**2 + 0 + 2 + 1. Let b be r(-5). Let n(y) = -5*y + 18. Let c be n(-12). What is the greatest common divisor of c and b?
13
Suppose g = 5*g. Let n be (-8)/(-16)*g/1. Suppose n*a + 1485 = 5*a. What is the highest common factor of 27 and a?
27
Let i(u) = -22*u + 4. Let b = -20 - -18. Let r be i(b). Calculate the highest common factor of 24 and r.
24
Suppose 16 = -10*p + 12*p. Suppose 7*r - 4*f = 4*r + p, -1 = -r + 3*f. What is the highest common divisor of r and 36?
4
Let s = -278 - -296. Calculate the highest common divisor of s and 234.
18
Suppose -375 = 326*f - 351*f. What is the greatest common factor of 1215 and f?
15
Suppose -3*w - 5*p = -0*w + 12, -p = -5*w - 48. Let u be 3/(-6) + (-95)/(-2). Let r = w + u. Calculate the highest common divisor of r and 266.
38
Let h be (-3)/(0 + 12/(-20)). Suppose -3*k + 0*k = -5*s - 840, h*k = -s + 1400. Calculate the greatest common divisor of k and 40.
40
Suppose -7*u - 80 = -2*u. Let q = u - -17. Let s be 5 + -4 - (q - 65). What is the highest common factor of s and 13?
13
Let j be (-4)/(-10) + 20/(600/558). Calculate the greatest common factor of 1007 and j.
19
Let m be (-156)/(-10) - 6/10. Let d = 1 - -14. What is the greatest common factor of d and m?
15
Let x = -15 + 32. Suppose 21*j - 64 = x*j. What is the highest common divisor of 40 and j?
8
Let x(i) = -5*i + 10. Let f(l) = l**3 - 2*l**2 - 4*l - 2. Let q be (4/(-6))/(2/6). Let p be f(q). Let k be x(p). What is the highest common divisor of k and 40?
20
Suppose 8*h - 3*h = -120. Let j be ((-36)/(-24))/((-1)/h). Calculate the greatest common divisor of j and 24.
12
Let r = 206 - 111. Calculate the highest common factor of r and 19.
19
Let l be -1*(-11 - 4/2). Suppose -3*g = -2*q + 26, 24*q = 26*q - 5*g - 26. Calculate the highest common divisor of l and q.
13
Suppose 0 = 7*a - 16*a + 54. Calculate the highest common divisor of a and 75.
3
Let a be (4311/(-21))/(-3) + 4/7. Let h be 4/(-4) - (-5 + 0). Suppose -115 = -h*p - p. Calculate the highest common factor of a and p.
23
Let h be 3/30 - 6558/(-20). What is the greatest common factor of 41 and h?
41
Let f(k) = -17*k**3 - k**2 + 6*k + 6. Let a be f(-1). What is the highest common factor of a and 8?
8
Let c = -14 - -12. Let l be c + 39 + -4 + 3. Suppose -23 = -2*m - 5*p, 5*m - 3*p - 130 = -p. Calculate the highest common divisor of l and m.
12
Suppose 30 = 2*j - 4*n, 4*j - 4*n - 7 - 33 = 0. Suppose -2*a + 2*g = 2*a - 736, -3*g + 920 = j*a. Calculate the greatest common factor of 23 and a.
23
Suppose 6*b = 2*b. Suppose -4*t - 2*t - 672 = b. Let l = -40 - t. What is the highest common factor of 18 and l?
18
Let c = 565 + -561. Calculate the